{"id":1110,"date":"2026-01-19T09:18:06","date_gmt":"2026-01-19T08:18:06","guid":{"rendered":"https:\/\/trinidadarroyo.org\/aprende\/?page_id=1110"},"modified":"2026-01-27T19:04:00","modified_gmt":"2026-01-27T18:04:00","slug":"mejor-vida-mas-justicia-menos-violencia-que-podemos-hacer","status":"publish","type":"page","link":"https:\/\/trinidadarroyo.org\/aprende\/?page_id=1110","title":{"rendered":"PAZ: menos violencia y m\u00e1s justicia, aqu\u00ed y en el mundo: \u00bfqu\u00e9 podemos hacer?  (Guion 2)"},"content":{"rendered":"<p>(Gui\u00f3n 2 de las intervenciones de <em>Jos\u00e9 Emiliano Ib\u00e1\u00f1ez<\/em> en el IES <em>Trinidad Arroyo<\/em>)<\/p>\n<h2>\u00bfQu\u00e9 preferimos? Paz no es solo ausencia de guerra<\/h2>\n<table width=\"100%\" cellspacing=\"0\" cellpadding=\"5\">\n<tbody>\n<tr valign=\"top\">\n<td bgcolor=\"#dcdcdc\" width=\"48%\">\n<h5>NOVIOLENCIA, JUSTICIA Y SOLIDARIDAD<\/h5>\n<h5>Derechos humanos (para todos y todas)<\/h5>\n<h5>Satisfacci\u00f3n de necesidades, bienestar de tod@s<\/h5>\n<h5>Autonom\u00eda con solidaridad<\/h5>\n<p>Cada cual tiene que \u00abhacer por su vida\u00bb, pero no a base de perjudicar a otras personas, a otros grupos en mala situaci\u00f3n.<\/td>\n<td width=\"4%\"><\/td>\n<td bgcolor=\"#dcdcdc\" width=\"48%\">\n<h5>VIOLENCIA Y DESIGUALDAD<\/h5>\n<h5>\u00abLey del m\u00e1s fuerte\u00bb. La guerra como instrumento<\/h5>\n<p>&nbsp;<\/p>\n<h5>Desigualdad<br \/>\n&#8211; econ\u00f3mica (ricos y pobres)<br \/>\n&#8211; de poder<br \/>\n&#8211; &#8230;<\/h5>\n<h5>Los dem\u00e1s: o amigos o enemigos. Invididualismo.<\/h5>\n<\/td>\n<\/tr>\n<\/tbody>\n<\/table>\n<h5>\u00a1Para m\u00ed, para \u00ablos m\u00edos\u00bb, para \u00abnosotr@s y para todo el mundo\u00bb!<\/h5>\n<h5><strong>Puede haber conflictos<\/strong>, pero \u00abregulados positivamente\u00bb o, al menos, que no sean destructivos.<\/h5>\n<ul>\n<li><strong>\u00a1No todo es \u00absuma cero\u00bb! Por una \u00absociedad sin perdedores\u00bb<br \/>\n<\/strong><em>(Por ejemplo, en un centro educativo: tienes que trabajar para aprobar, pero todo el mundo sale ganando si hay ayuda entre compa\u00f1eros\/as: mejor convivencia, y m\u00e1s gente puede aprobar).<\/em><\/li>\n<\/ul>\n<p>&nbsp;<\/p>\n<p>&nbsp;<\/p>\n<h2>No todo es paz y justicia, no todo es violencia<\/h2>\n<ul>\n<li>\n<h5><strong>\u00bfIngenuidad?: no<\/strong><\/h5>\n<\/li>\n<li>\n<h5><strong>\u00bfCinismo, aprovecharse de las circunstancias, abusar?: no<\/strong><\/h5>\n<\/li>\n<li>\n<h5><strong>\u00bfResignarse, rendirse?: no<\/strong><\/h5>\n<ul>\n<li>Muchas veces los \u00e9xitos no son inmediatos, pero hay experiencias positivas y avances hist\u00f3ricos (tambi\u00e9n retrocesos).<\/li>\n<\/ul>\n<\/li>\n<\/ul>\n<p>&nbsp;<\/p>\n<p>&nbsp;<\/p>\n<h2>La paz y la justicia no vienen solas, ni se alcanzan solo por desarlas: hay que actuar<\/h2>\n<h5>El <strong><em>pacifismo activo, \u00abluchador\u00bb<\/em><\/strong><\/h5>\n<p>&nbsp;<\/p>\n<p>&nbsp;<\/p>\n<h2>Nuestra vida cotidiana y el mundo entero: algunas similitudes<\/h2>\n<p>(Recordando <a href=\"https:\/\/trinidadarroyo.org\/aprende\/?page_id=990\" target=\"_blank\" rel=\"noopener\">CONFLICTOS: ni \u00abaguantarse\u00bb ni \u00abley del m\u00e1s fuerte\u00bb<\/a>)<\/p>\n<ul>\n<li>\n<h5><span style=\"color: #000080;\">Conflicto<\/span>:<\/h5>\n<ul>\n<li>\n<h5>algo normal,<\/h5>\n<\/li>\n<li>\n<h5>que puede ocultarse de forma injusta<\/h5>\n<\/li>\n<li>\n<h5>o abordarse<\/h5>\n<ul>\n<li>\n<h5>de forma destructiva<\/h5>\n<\/li>\n<li>\n<h5>o de forma constructiva (en algunos conflictos, puede \u00absalir ganando todo el mundo\u00bb)<\/h5>\n<\/li>\n<\/ul>\n<\/li>\n<\/ul>\n<\/li>\n<li>\n<h5>Hay que <span style=\"color: #000080;\">actuar<\/span> (ni \u00abaguantarse\u00bb ni \u00abley del m\u00e1s fuerte\u00bb):<\/h5>\n<ul>\n<li>\n<h5>buscando la justicia<\/h5>\n<\/li>\n<li>\n<h5>con valent\u00eda y \u00abesfuerzo\u00bb,<\/h5>\n<\/li>\n<li>\n<h5>pero \u00abcon cabeza\u00bb,<\/h5>\n<\/li>\n<li>\n<h5>mejor pronto que tarde,<\/h5>\n<\/li>\n<li>\n<h5>con solidaridad.<\/h5>\n<\/li>\n<\/ul>\n<\/li>\n<\/ul>\n<p>&nbsp;<\/p>\n<p>&nbsp;<\/p>\n<h2>\u00bfQu\u00e9 hace empeorar la situaci\u00f3n de violencia\/injusticia (o que se mantenga)?<\/h2>\n<ul>\n<li>\n<h5>Esperar a ver si se arregla solo o por la voluntad de los abusadores y\/o poderosos<\/h5>\n<\/li>\n<li>\n<h5>\u00abResignaci\u00f3n\u00bb, \u00abconformarse\u00bb, ..<\/h5>\n<\/li>\n<li>\n<h5>El odio, el \u00abmalismo\u00bb, la \u00ab\u00bbespiral destructiva\u00bb (escalada, venganza o represalia cada vez mayor)<\/h5>\n<ul>\n<li>\n<h5><span style=\"color: #808080;\"><em>\u00a1Derecho a defenderse! S\u00ed. Pero \u00abresponder con m\u00e1s violencia\u00bb tiene varios problemas:<\/em><\/span><\/h5>\n<ul>\n<li>\n<h5><span style=\"color: #808080;\"><em>puede que no sea justo (exceso en la respuesta)<\/em><\/span><\/h5>\n<\/li>\n<li>\n<h5><span style=\"color: #808080;\"><em>puede agravarse la situaci\u00f3n&#8230;, m\u00e1s problemas para quien era la parte ofendida<\/em><\/span><\/h5>\n<\/li>\n<li>\n<h5><span style=\"color: #808080;\"><em>no funciona si se es la parte d\u00e9bil (y siempre habra otr@ m\u00e1s fuerte&#8230;)<\/em><\/span><\/h5>\n<\/li>\n<\/ul>\n<\/li>\n<\/ul>\n<\/li>\n<li>\n<h5>Favorecer al abusador\/a<\/h5>\n<ul>\n<li>\n<h5>colabor con \u00e9l<\/h5>\n<\/li>\n<li>\n<h5>otorgarle m\u00e1s poder<\/h5>\n<\/li>\n<\/ul>\n<\/li>\n<li>\n<h5>Dejar que \u00ablos abusones\u00bb o \u00ablos de arriba\u00bb nos convenzan de que los enemigos son \u00ablos de abajo\u00bb, \u00ablos pobres\u00bb, &#8230;<\/h5>\n<\/li>\n<\/ul>\n<p>&nbsp;<\/p>\n<p>&nbsp;<\/p>\n<h2>\u00bfQu\u00e9 hace avanzar hacia \u00abm\u00e1s justicia\u00bb y \u00abmenos violencia\u00bb?<\/h2>\n<p><span style=\"font-size: 1.2em;\"><em><strong>Punto de partida: <span style=\"color: #000080;\">nadie puede imponerse a los dem\u00e1s si no cuenta con colaboradores <\/span><\/strong>(personas, empresas, organismos, gobiernos, &#8230;)<\/em><\/span><\/p>\n<h5><strong>Hay que actuar, trabajar, \u00abluchar\u00bb&#8230;<\/strong><\/h5>\n<ol>\n<li>\n<h5><strong>Actuar con valent\u00eda<\/strong>\u00a0(\u00abluchar\u00bb contra lo injusto, lo violento)<\/h5>\n<\/li>\n<li>\n<h5><strong>Inteligencia<\/strong>: actuar con cabeza<\/h5>\n<\/li>\n<li>\n<h5>Actuar con <strong>solidaridad: el poder de la mayor\u00eda que se une<\/strong><\/h5>\n<ul>\n<li>\n<h5>Eliminar (disminuir, al menos) la desigualdad de poder: la parte d\u00e9bil debe <em>empoderarse<\/em><\/h5>\n<\/li>\n<li>\n<h5>El <em>apoyo mutuo<\/em> y la <em>solidaridad<\/em><\/h5>\n<\/li>\n<li>\n<h5>La <em>no colaboraci\u00f3n<\/em>,\u00a0 con quien abusa; la <em>desobediencia civil<\/em><\/h5>\n<\/li>\n<\/ul>\n<\/li>\n<li>\n<h5><strong>Actuar con persistencia : lo grave no se arregla r\u00e1pido ni f\u00e1cilmente<\/strong><\/h5>\n<\/li>\n<\/ol>\n<p>&nbsp;<\/p>\n<p>&nbsp;<\/p>\n<h2>Una mirada al mundo: d\u00f3nde estamos<\/h2>\n<ul>\n<li>\n<h5>Escala: m\u00e1s de 8000 millones de personas<\/h5>\n<\/li>\n<li>\n<h5>Poder militar desigual<\/h5>\n<\/li>\n<li>\n<h5>Poder pol\u00edtico desigual<\/h5>\n<\/li>\n<li>\n<h5>Poder econ\u00f3mico desigual<\/h5>\n<\/li>\n<li>\n<h5>\u00bf\u00c1rbitro mundial?<\/h5>\n<\/li>\n<\/ul>\n<p style=\"padding-left: 40px;\"><span style=\"color: #808080;\"><em><strong>(Selecciona lo que est\u00e1 entre [ ] para ver el texto oculto)<\/strong><\/em><\/span><\/p>\n<p style=\"font-size: 1.1em; padding-left: 40px;\">Existe un organismo mundial que te\u00f3ricamente debe velar por la paz mundial, ejercer de \u00e1rbitro&#8230; Se llama [ <span style=\"color: #ffffff;\"><strong>ONU<\/strong> (Organizaci\u00f3n de las Naciones Unidas, o, simplemente, Naciones Unidas)<\/span> ]. Fue creada al finalizar la 2\u00aa Guerra Mundial, en 1945 y, en lo m\u00e1s importante, sigue funcionando con las mismas reglas que entonces.<\/p>\n<ul>\n<li style=\"list-style-type: none;\">\n<ul>\n<li style=\"list-style-type: none;\">\n<ul>\n<li style=\"list-style-type: none;\">\n<ul>\n<li>\n<p style=\"font-size: 1.1em;\">Casi todos los pa\u00edses independientes del mundo (unos 200) forman parte de ella. En la <strong>Asamblea General cada pa\u00eds tiene un voto.<\/strong><\/p>\n<\/li>\n<li>\n<p style=\"font-size: 1.1em;\">Pero&#8230;. <strong>\u00a1s\u00ed, hay un \u00abpero\u00bb, y es importante!<\/strong> quien puede tomar decisiones \u00abduras\u00bb, como imponer sanciones a un pa\u00eds o enviar tropas de pacifiaci\u00f3n es [ <span style=\"color: #ffffff;\">el <strong>Consejo de Seguridad<\/strong> de la ONU<\/span> ], formado por [ <span style=\"color: #ffffff;\"><strong>15<\/strong><\/span>\u00a0 ] pa\u00edses, de los cuales [ <strong><span style=\"color: #ffffff;\">10<\/span><\/strong> ] son rotatorios y [ <span style=\"color: #ffffff;\"><strong>5<\/strong><\/span> ] permanentes, que son [ <span style=\"color: #ffffff;\"><strong>EEUU, Rusia, China, Francia y Reino Unido <\/strong>(las grandes potencias que estaban en el bando ganador de la 2\u00aa Guerra Mundial)<\/span> ]. Los miembros permanentes, adem\u00e1s, tienen <strong>derecho de veto<\/strong>, que significa [<span style=\"color: #ffffff;\"> que<strong> si uno de ellos vota NO, la propuesta no es aprobada<\/strong>, da igual lo que vote el resto<\/span> ]<strong>. <\/strong>\u00a1Es f\u00e1cil imaginar qu\u00e9 consecuencias tiene esto o, simplemente, ver lo que ha sucedido hist\u00f3ricamente!\u00a0 <span style=\"color: #808080;\">(por ejemplo Israel, protegido por EEUU, o las propias acciones de los miembros permanentes)<\/span>.<\/p>\n<\/li>\n<\/ul>\n<\/li>\n<\/ul>\n<\/li>\n<\/ul>\n<\/li>\n<\/ul>\n<h5><em>\u00a1El mundo es grande y complejo, pero tenemos que decidir si empujamos en una direcci\u00f3n u otra! <span style=\"color: #808080;\">(si \u00abpasamos\u00bb, lo dejamos en manos de quienes se aprovechan de la injusticia).<\/span><\/em><\/h5>\n<p>&nbsp;<\/p>\n<p>&nbsp;<\/p>\n<h2>[Debate]<\/h2>\n<p>&nbsp;<\/p>\n<h2>[Casos concretos]<\/h2>\n<p>&nbsp;<\/p>\n<p>&nbsp;<\/p>\n<p>&nbsp;<\/p>\n<p>&nbsp;<\/p>\n<hr \/>\n<p>(Basado en las ideas de la ESTRATEGIA NOVIOLENTA y del enfoque noviolento de la TEOR\u00cdA DE RESOLUCI\u00d3N DE CONFLICTOS)<\/p>\n<hr \/>\n<p>&lt;Ir a la p\u00e1gina principal de <a href=\"https:\/\/trinidadarroyo.org\/aprende\/?page_id=1175\">CONFLICTOS, JUSTICIA y PAZ<\/a>&gt;<\/p>\n<p>&nbsp;<\/p>\n","protected":false},"excerpt":{"rendered":"<p>(Gui\u00f3n 2 de las intervenciones de Jos\u00e9 Emiliano Ib\u00e1\u00f1ez en el IES Trinidad Arroyo) \u00bfQu\u00e9 preferimos? Paz no es solo ausencia de guerra NOVIOLENCIA, JUSTICIA Y SOLIDARIDAD Derechos humanos (para todos y todas) Satisfacci\u00f3n de necesidades, bienestar de tod@s Autonom\u00eda con solidaridad Cada cual tiene que \u00abhacer por su vida\u00bb, pero no a base de &hellip; <a href=\"https:\/\/trinidadarroyo.org\/aprende\/?page_id=1110\" class=\"more-link\">Seguir leyendo <span class=\"screen-reader-text\">PAZ: menos violencia y m\u00e1s justicia, aqu\u00ed y en el mundo: \u00bfqu\u00e9 podemos hacer?  (Guion 2)<\/span> <span class=\"meta-nav\">&rarr;<\/span><\/a><\/p>\n","protected":false},"author":1,"featured_media":1209,"parent":1175,"menu_order":0,"comment_status":"closed","ping_status":"closed","template":"","meta":{"footnotes":""},"class_list":["post-1110","page","type-page","status-publish","has-post-thumbnail","hentry"],"_links":{"self":[{"href":"https:\/\/trinidadarroyo.org\/aprende\/index.php?rest_route=\/wp\/v2\/pages\/1110","targetHints":{"allow":["GET"]}}],"collection":[{"href":"https:\/\/trinidadarroyo.org\/aprende\/index.php?rest_route=\/wp\/v2\/pages"}],"about":[{"href":"https:\/\/trinidadarroyo.org\/aprende\/index.php?rest_route=\/wp\/v2\/types\/page"}],"author":[{"embeddable":true,"href":"https:\/\/trinidadarroyo.org\/aprende\/index.php?rest_route=\/wp\/v2\/users\/1"}],"replies":[{"embeddable":true,"href":"https:\/\/trinidadarroyo.org\/aprende\/index.php?rest_route=%2Fwp%2Fv2%2Fcomments&post=1110"}],"version-history":[{"count":104,"href":"https:\/\/trinidadarroyo.org\/aprende\/index.php?rest_route=\/wp\/v2\/pages\/1110\/revisions"}],"predecessor-version":[{"id":1261,"href":"https:\/\/trinidadarroyo.org\/aprende\/index.php?rest_route=\/wp\/v2\/pages\/1110\/revisions\/1261"}],"up":[{"embeddable":true,"href":"https:\/\/trinidadarroyo.org\/aprende\/index.php?rest_route=\/wp\/v2\/pages\/1175"}],"wp:featuredmedia":[{"embeddable":true,"href":"https:\/\/trinidadarroyo.org\/aprende\/index.php?rest_route=\/wp\/v2\/media\/1209"}],"wp:attachment":[{"href":"https:\/\/trinidadarroyo.org\/aprende\/index.php?rest_route=%2Fwp%2Fv2%2Fmedia&parent=1110"}],"curies":[{"name":"wp","href":"https:\/\/api.w.org\/{rel}","templated":true}]}}