{"id":808,"date":"2024-04-25T21:27:37","date_gmt":"2024-04-25T19:27:37","guid":{"rendered":"https:\/\/trinidadarroyo.org\/aprende\/?page_id=808"},"modified":"2024-04-25T21:27:37","modified_gmt":"2024-04-25T19:27:37","slug":"mujeres-en-la-historia-juana-i-de-castilla","status":"publish","type":"page","link":"https:\/\/trinidadarroyo.org\/aprende\/?page_id=808","title":{"rendered":"MUJERES EN LA HISTORIA:  JUANA I DE CASTILLA"},"content":{"rendered":"<p>J<strong>UANA, LA TERCERA HIJA DE LOS\u00a0 REYES CAT\u00d3LICOS, NO ESTABA DESTINADA A REINAR,\u00a0 PERO LA MUERTE INESPERADA DE SUS HERMANOS JUAN E ISABEL LA CONVIRTIERON EN LA HEREDERA DE LA CORONA DE CASTILLA,\u00a0 POCO ANTES DE LA MUERTE DE SU MADRE ISABEL I DE CASTILLA&#8230;.<br \/>\n<\/strong><\/p>\n<h2 style=\"text-align: center;\">\u00bfREALMENTE ESTABA CAPACITADA PARA REINAR?<\/h2>\n<p>Los alumnos de Segundo de Bachillerato de Historia de Espa\u00f1a tienen su propia opini\u00f3n sobre el tema, despu\u00e9s de escuchar la conferencia de la historiadora Mar\u00eda Lara, sobre su libro \u00abJuana I, la reina cuerda\u00bb.<\/p>\n<p><img loading=\"lazy\" decoding=\"async\" class=\"aligncenter\" src=\"https:\/\/cadenaser.com\/resizer\/4d3YbAGovNIZPV5amZWlsmE2TfU=\/736x552\/filters:format(jpg):quality(70):focal(566x441:576x451)\/cloudfront-eu-central-1.images.arcpublishing.com\/prisaradio\/T3BITFHNCBHLDL625TH4SJR4C4.jpg\" width=\"650\" height=\"488\" \/><\/p>\n<p>\u00abEn mi opini\u00f3n, Juana fue v\u00edctima de una sociedad en la que las mujeres no eran bien vistas, si expresaban sus ideas y sentimientos. Una sociedad en la que se tachaba a las mujeres de locas si transmit\u00edan su rabia o dec\u00edan lo que pensaban. Juana fue una mujer fuerte. A pesar de estar rodeada de unos padres autoritarios, un marido ambicioso y gente que la traicionaba, tuvo un pueblo a su lado que la quiso y la apoy\u00f3\u00bb\u00a0 \u00a0 \u00a0 <strong>ALEJANDRA C. G.<\/strong><\/p>\n<p>\u00abDesde mi punto de vista, creo que Juana no era una reina loca. Estaba bastante cuerda y simplemente fue v\u00edctima del ansia de poder de su marido y de la forma de vivir de la \u00e9poca. Como Mar\u00eda Lara dijo en su conferencia, todos la necesitaban en su sombra, estaban ligados a ella en cierta manera. Por lo que si la necesitaban tanto, muy loca no deb\u00eda de estar; \u00bfNo os parece?\u00bb\u00a0 \u00a0 <strong>PABLO C.M.<\/strong><\/p>\n<p>\u00abLa autora, Mar\u00eda Lara, est\u00e1 claramente a favor de reinterpretar la historia para librar a la reina Juana de una \u00abetiqueta\u00bb que se le ha asignado injustamente\u00bb. Mar\u00eda presenta una versi\u00f3n m\u00e1s equilibrada de Juana I resaltando su inteligencia, su formaci\u00f3n\u00a0 y su capacidad intelectual. El problema es que una educaci\u00f3n, pese a ser muy completa, no tiene por qu\u00e9 garantizar la estabilidad mental\u00bb <strong>NEREA P.C.\u00a0<\/strong><\/p>\n<p>\u00abJuana fue v\u00edctima de un plan para arrebatarla la corona y eso por ser una mujer adelantada a su \u00e9poca. O si no, si estaba cuerda\u00a0 \u00bfPor qu\u00e9 Fernando el Cat\u00f3lico entreg\u00f3 el reino de Castilla a Felipe el Hermoso, antes que a su propia hija?\u00bb\u00a0 \u00a0<strong>JOSE MIGUEL C.D.<\/strong><\/p>\n<p>\u00abDesde mi punto de vista considero que, en principio Juana, era una persona muy cuerda y digo en principio, porque creo que es posible que en sus \u00faltimos a\u00f1os desarrollase alguna enfermedad mental relacionada con su encierro\u00bb\u00a0 \u00a0<strong>MIREIA B.B.<\/strong><\/p>\n<p>\u00abAunque s\u00ed es verdad que Juana tuvo sus momentos de ira (interpretados como locura),\u00a0 cuando ve\u00eda que su esposo la era infiel o cuando se mostraban autoritarios con ella, \u00e9stos fueron utilizados oportunamente por su marido, Felipe El Hermoso, para librarse de ella y conseguir todo el poder\u00bb\u00a0 \u00a0 <strong>JANA S.N.<\/strong><\/p>\n<p>&nbsp;<\/p>\n","protected":false},"excerpt":{"rendered":"<p>JUANA, LA TERCERA HIJA DE LOS\u00a0 REYES CAT\u00d3LICOS, NO ESTABA DESTINADA A REINAR,\u00a0 PERO LA MUERTE INESPERADA DE SUS HERMANOS JUAN E ISABEL LA CONVIRTIERON EN LA HEREDERA DE LA CORONA DE CASTILLA,\u00a0 POCO ANTES DE LA MUERTE DE SU MADRE ISABEL I DE CASTILLA&#8230;. \u00bfREALMENTE ESTABA CAPACITADA PARA REINAR? Los alumnos de Segundo de &hellip; <a href=\"https:\/\/trinidadarroyo.org\/aprende\/?page_id=808\" class=\"more-link\">Seguir leyendo <span class=\"screen-reader-text\">MUJERES EN LA HISTORIA:  JUANA I DE CASTILLA<\/span> <span class=\"meta-nav\">&rarr;<\/span><\/a><\/p>\n","protected":false},"author":7,"featured_media":0,"parent":0,"menu_order":0,"comment_status":"closed","ping_status":"closed","template":"","meta":{"footnotes":""},"class_list":["post-808","page","type-page","status-publish","hentry"],"_links":{"self":[{"href":"https:\/\/trinidadarroyo.org\/aprende\/index.php?rest_route=\/wp\/v2\/pages\/808","targetHints":{"allow":["GET"]}}],"collection":[{"href":"https:\/\/trinidadarroyo.org\/aprende\/index.php?rest_route=\/wp\/v2\/pages"}],"about":[{"href":"https:\/\/trinidadarroyo.org\/aprende\/index.php?rest_route=\/wp\/v2\/types\/page"}],"author":[{"embeddable":true,"href":"https:\/\/trinidadarroyo.org\/aprende\/index.php?rest_route=\/wp\/v2\/users\/7"}],"replies":[{"embeddable":true,"href":"https:\/\/trinidadarroyo.org\/aprende\/index.php?rest_route=%2Fwp%2Fv2%2Fcomments&post=808"}],"version-history":[{"count":14,"href":"https:\/\/trinidadarroyo.org\/aprende\/index.php?rest_route=\/wp\/v2\/pages\/808\/revisions"}],"predecessor-version":[{"id":1023,"href":"https:\/\/trinidadarroyo.org\/aprende\/index.php?rest_route=\/wp\/v2\/pages\/808\/revisions\/1023"}],"wp:attachment":[{"href":"https:\/\/trinidadarroyo.org\/aprende\/index.php?rest_route=%2Fwp%2Fv2%2Fmedia&parent=808"}],"curies":[{"name":"wp","href":"https:\/\/api.w.org\/{rel}","templated":true}]}}

<p>J<strong>UANA, LA TERCERA HIJA DE LOS  REYES CATÓLICOS, NO ESTABA DESTINADA A REINAR,  PERO LA MUERTE INESPERADA DE SUS HERMANOS JUAN E ISABEL LA CONVIRTIERON EN LA HEREDERA DE LA CORONA DE CASTILLA,  POCO ANTES DE LA MUERTE DE SU MADRE ISABEL I DE CASTILLA&#8230;.<br />
</strong></p>
<h2 style="text-align: center;">¿REALMENTE ESTABA CAPACITADA PARA REINAR?</h2>
<p>Los alumnos de Segundo de Bachillerato de Historia de España tienen su propia opinión sobre el tema, después de escuchar la conferencia de la historiadora María Lara, sobre su libro «Juana I, la reina cuerda».</p>
<p><img loading="lazy" decoding="async" class="aligncenter" src="https://cadenaser.com/resizer/4d3YbAGovNIZPV5amZWlsmE2TfU=/736x552/filters:format(jpg):quality(70):focal(566x441:576x451)/cloudfront-eu-central-1.images.arcpublishing.com/prisaradio/T3BITFHNCBHLDL625TH4SJR4C4.jpg" width="650" height="488" /></p>
<p>«En mi opinión, Juana fue víctima de una sociedad en la que las mujeres no eran bien vistas, si expresaban sus ideas y sentimientos. Una sociedad en la que se tachaba a las mujeres de locas si transmitían su rabia o decían lo que pensaban. Juana fue una mujer fuerte. A pesar de estar rodeada de unos padres autoritarios, un marido ambicioso y gente que la traicionaba, tuvo un pueblo a su lado que la quiso y la apoyó»      <strong>ALEJANDRA C. G.</strong></p>
<p>«Desde mi punto de vista, creo que Juana no era una reina loca. Estaba bastante cuerda y simplemente fue víctima del ansia de poder de su marido y de la forma de vivir de la época. Como María Lara dijo en su conferencia, todos la necesitaban en su sombra, estaban ligados a ella en cierta manera. Por lo que si la necesitaban tanto, muy loca no debía de estar; ¿No os parece?»    <strong>PABLO C.M.</strong></p>
<p>«La autora, María Lara, está claramente a favor de reinterpretar la historia para librar a la reina Juana de una «etiqueta» que se le ha asignado injustamente». María presenta una versión más equilibrada de Juana I resaltando su inteligencia, su formación  y su capacidad intelectual. El problema es que una educación, pese a ser muy completa, no tiene por qué garantizar la estabilidad mental» <strong>NEREA P.C. </strong></p>
<p>«Juana fue víctima de un plan para arrebatarla la corona y eso por ser una mujer adelantada a su época. O si no, si estaba cuerda  ¿Por qué Fernando el Católico entregó el reino de Castilla a Felipe el Hermoso, antes que a su propia hija?»   <strong>JOSE MIGUEL C.D.</strong></p>
<p>«Desde mi punto de vista considero que, en principio Juana, era una persona muy cuerda y digo en principio, porque creo que es posible que en sus últimos años desarrollase alguna enfermedad mental relacionada con su encierro»   <strong>MIREIA B.B.</strong></p>
<p>«Aunque sí es verdad que Juana tuvo sus momentos de ira (interpretados como locura),  cuando veía que su esposo la era infiel o cuando se mostraban autoritarios con ella, éstos fueron utilizados oportunamente por su marido, Felipe El Hermoso, para librarse de ella y conseguir todo el poder»    <strong>JANA S.N.</strong></p>
<p>&nbsp;</p>

<p>JUANA, LA TERCERA HIJA DE LOS  REYES CATÓLICOS, NO ESTABA DESTINADA A REINAR,  PERO LA MUERTE INESPERADA DE SUS HERMANOS JUAN E ISABEL LA CONVIRTIERON EN LA HEREDERA DE LA CORONA DE CASTILLA,  POCO ANTES DE LA MUERTE DE SU MADRE ISABEL I DE CASTILLA&#8230;. ¿REALMENTE ESTABA CAPACITADA PARA REINAR? Los alumnos de Segundo de &hellip; <a href="https://trinidadarroyo.org/aprende/?page_id=808" class="more-link">Seguir leyendo <span class="screen-reader-text">MUJERES EN LA HISTORIA:  JUANA I DE CASTILLA</span> <span class="meta-nav">&rarr;</span></a></p>
