{"id":822,"date":"2024-02-06T18:05:19","date_gmt":"2024-02-06T17:05:19","guid":{"rendered":"https:\/\/trinidadarroyo.org\/aprende\/?page_id=822"},"modified":"2024-02-06T18:16:54","modified_gmt":"2024-02-06T17:16:54","slug":"la-vida-en-la-antigua-roma-ii","status":"publish","type":"page","link":"https:\/\/trinidadarroyo.org\/aprende\/?page_id=822","title":{"rendered":"La vida en la Antigua Roma II"},"content":{"rendered":"<h1>Mujeres en la Antigua Roma<\/h1>\n<h2>La emperatriz Livia<\/h2>\n<ul>\n<li>Vivi\u00f3 a caballo entre los siglos I a.C. y I d.C.<\/li>\n<li>Tuvo gran influencia sobre su marido, el emperador Octavio Augusto<\/li>\n<li>El poder que acumul\u00f3 desat\u00f3 la envidia de muchos hombres de su \u00e9poca<\/li>\n<li>Fue acusada de envenenadora por parte de los historiadores romanos<\/li>\n<\/ul>\n<h2><img loading=\"lazy\" decoding=\"async\" class=\"alignnone wp-image-857 size-medium\" src=\"https:\/\/trinidadarroyo.org\/wp1\/wp-content\/uploads\/2024\/02\/Livia_Drusila_15708884953-210x400.jpg\" alt=\"Estatua de Livia del Museo Arqueol\u00f3gico Nacional de Espa\u00f1a (Madrid).\" width=\"210\" height=\"400\" srcset=\"https:\/\/trinidadarroyo.org\/wp1\/wp-content\/uploads\/2024\/02\/Livia_Drusila_15708884953-210x400.jpg 210w, https:\/\/trinidadarroyo.org\/wp1\/wp-content\/uploads\/2024\/02\/Livia_Drusila_15708884953-538x1024.jpg 538w, https:\/\/trinidadarroyo.org\/wp1\/wp-content\/uploads\/2024\/02\/Livia_Drusila_15708884953-768x1463.jpg 768w, https:\/\/trinidadarroyo.org\/wp1\/wp-content\/uploads\/2024\/02\/Livia_Drusila_15708884953-806x1536.jpg 806w, https:\/\/trinidadarroyo.org\/wp1\/wp-content\/uploads\/2024\/02\/Livia_Drusila_15708884953-1075x2048.jpg 1075w, https:\/\/trinidadarroyo.org\/wp1\/wp-content\/uploads\/2024\/02\/Livia_Drusila_15708884953-scaled.jpg 1344w\" sizes=\"auto, (max-width: 210px) 100vw, 210px\" \/><\/h2>\n<p style=\"text-align: left;\">\n","protected":false},"excerpt":{"rendered":"<p>Mujeres en la Antigua Roma La emperatriz Livia Vivi\u00f3 a caballo entre los siglos I a.C. y I d.C. Tuvo gran influencia sobre su marido, el emperador Octavio Augusto El poder que acumul\u00f3 desat\u00f3 la envidia de muchos hombres de su \u00e9poca Fue acusada de envenenadora por parte de los historiadores romanos<\/p>\n","protected":false},"author":16,"featured_media":0,"parent":0,"menu_order":0,"comment_status":"closed","ping_status":"closed","template":"","meta":{"footnotes":""},"class_list":["post-822","page","type-page","status-publish","hentry"],"_links":{"self":[{"href":"https:\/\/trinidadarroyo.org\/aprende\/index.php?rest_route=\/wp\/v2\/pages\/822","targetHints":{"allow":["GET"]}}],"collection":[{"href":"https:\/\/trinidadarroyo.org\/aprende\/index.php?rest_route=\/wp\/v2\/pages"}],"about":[{"href":"https:\/\/trinidadarroyo.org\/aprende\/index.php?rest_route=\/wp\/v2\/types\/page"}],"author":[{"embeddable":true,"href":"https:\/\/trinidadarroyo.org\/aprende\/index.php?rest_route=\/wp\/v2\/users\/16"}],"replies":[{"embeddable":true,"href":"https:\/\/trinidadarroyo.org\/aprende\/index.php?rest_route=%2Fwp%2Fv2%2Fcomments&post=822"}],"version-history":[{"count":3,"href":"https:\/\/trinidadarroyo.org\/aprende\/index.php?rest_route=\/wp\/v2\/pages\/822\/revisions"}],"predecessor-version":[{"id":883,"href":"https:\/\/trinidadarroyo.org\/aprende\/index.php?rest_route=\/wp\/v2\/pages\/822\/revisions\/883"}],"wp:attachment":[{"href":"https:\/\/trinidadarroyo.org\/aprende\/index.php?rest_route=%2Fwp%2Fv2%2Fmedia&parent=822"}],"curies":[{"name":"wp","href":"https:\/\/api.w.org\/{rel}","templated":true}]}}